t is the greatest common factor of m and 658?
14
Let t = -4587 + 17684. What is the highest common factor of t and 7?
7
Suppose -10*a - 10 = 50. Let d be ((-15310)/(-60) - -9) + 1/a. What is the highest common divisor of d and 24?
24
Let l(j) = 7*j**2 - 20*j + 79. Let i be l(19). What is the highest common factor of i and 477?
159
Suppose -395 + 108 = -2*n + 5*k, 0 = -2*n + 4*k + 294. What is the greatest common divisor of n and 5520?
23
Let m be (-19)/1 + 3 + 17. What is the greatest common divisor of m and 989?
1
Suppose -14*k + 4*g - 260 = -19*k, 5*g - 73 = -k. What is the highest common factor of k and 4008?
24
Let s(p) = -37*p + 2372. Let c be s(64). What is the highest common factor of 73 and c?
1
Let z(j) = -3*j. Suppose 0 = 3*a + k + 233, -2*a + 3*a + 75 = -k. Let f = -87 - a. Let v be z(f). What is the highest common divisor of v and 3?
3
Suppose 5*q = 7 + 103. Suppose 0 = -3*h + 2*o + q, 9*h - 25 = 6*h - o. What is the highest common factor of h and 232?
8
Let d be 434/(-14) + 27 - -12. Let w be 41*(1 - (-7)/1). Calculate the highest common factor of w and d.
8
Let n(t) = 4*t**3 + 160*t**2 - 4*t - 135. Let k be n(-40). What is the highest common divisor of 5825 and k?
25
Let y(w) = 60*w**3 - 8*w**2 + 39*w - 79. Let k be y(3). What is the greatest common factor of k and 338?
26
Let j = -1 - -3. Suppose j*p = p + 22. Let g = -4863 - -4865. What is the greatest common factor of p and g?
2
Suppose 0*l - 3*l + 192 = 0. Suppose z + 6*z = 644. Let o = z - l. What is the highest common divisor of 28 and o?
28
Let s(y) = -2*y**3 + 9*y**2 - 11*y + 11. Let b be s(3). Suppose g = -b*g + 624. Calculate the highest common divisor of 8 and g.
8
Suppose 2*x = -25*x - 6696. Let s = x - -273. Calculate the greatest common factor of 225 and s.
25
Suppose 1132 = 10*f - 3028. Suppose -2*c = -q - f, 0 = 4*c + q - 864 + 20. What is the highest common divisor of c and 45?
15
Suppose 1995 = -2*z - 5*z. Let j = z + 295. What is the highest common factor of j and 50?
10
Suppose 254*n - 328*n + 14208 = 0. What is the highest common divisor of n and 400?
16
Let m(z) = -3*z**2 + 3*z + 77. Let c be m(15). Let x be (1 - c/(-21))*-6. Calculate the highest common factor of x and 24.
8
Let d = 0 + 43. Suppose -c - 2*q = 43, 0*c + 5*c = q - 182. Let n = d + c. Calculate the greatest common factor of n and 9.
3
Suppose -3*m - 51*m = 10*m - 1984. What is the greatest common divisor of m and 6?
1
Let z = -431 - -435. Let k be 16 - z*15/(-10). What is the greatest common factor of 22 and k?
22
Suppose -3*d + 120 = g, 2*g - 18*d - 238 = -22*d. Calculate the greatest common factor of 104 and g.
13
Let f(b) = -b**3 - 10*b**2 - 12*b - 8. Suppose 0*i = -2*t - 4*i - 2, 0 = 3*t + i + 23. Let s be f(t). Calculate the greatest common factor of 76 and s.
19
Let r be (246/9)/(482/(-54) - -9). Calculate the greatest common divisor of r and 27.
9
Let m be 14142/96*4 - (3 - 49/28). What is the greatest common divisor of 60 and m?
12
Let o(v) = 49*v**3 + 12*v - 11. Let c be o(1). Calculate the highest common divisor of 6725 and c.
25
Let p be (-47)/(-4) - (-3)/12. Let d be ((-9)/p)/((-2)/48). Suppose -a - d = -m - 5*a, 0 = a. Calculate the greatest common factor of m and 144.
18
Let c(m) = 38*m - 47 - 16*m - 17*m. Let i be c(11). Suppose 6*j = 659 - 35. Calculate the highest common factor of j and i.
8
Suppose 5*m = -33 - 732. Let b be -26*(m/(-6) - -4). Let i be b/(-17) + 14/(-119). Calculate the greatest common divisor of i and 180.
45
Let n(m) = -m**2 - 27*m - 42. Suppose 6*s - 84 = 12*s. Let t be n(s). Suppose 5*b - 39 = 61. What is the highest common divisor of b and t?
20
Suppose 162*y = 4785 + 143769. Calculate the highest common divisor of y and 56.
7
Suppose -43*o - 38 = -898. What is the greatest common factor of 4550 and o?
10
Suppose 7*o - 9*o = 44. Let v be ((-2)/1 + 6)*(o - -6). Let z be (-134)/(-3) + -5 + v/(-12). Calculate the greatest common factor of z and 45.
45
Let p = -24 - -26. Let n be (-2 - -3)/(p/20). Let u = n - -24. Calculate the greatest common divisor of u and 68.
34
Let u = 132 - 198. Let n = u - -70. Calculate the highest common divisor of n and 6.
2
Suppose 4*z + 9*p - 8*p - 716 = 0, 3*z = p + 544. Suppose 0 = 833*y - 838*y + z. What is the highest common factor of 99 and y?
9
Suppose -2*p = 3*p - 20. Suppose p*b + 4*c - 52 = 0, -74 = -4*b + c - 7. Suppose -24*v + 20*v + 28 = 3*v. What is the greatest common divisor of b and v?
4
Let s be ((-1)/(-2) + -2)/((-3)/4). Suppose r - 129 = -4*v - 37, -s*v = 3*r - 286. Suppose -5*y + r = -y. Calculate the greatest common divisor of y and 60.
12
Let n = -64 + 122. Suppose g - 24 = 4*z + z, z = 3*g - n. Suppose -31 + g = -3*y. Calculate the highest common divisor of 8 and y.
4
Suppose -5*s + 17100 = -7*s + 27*s. Calculate the greatest common factor of s and 72.
36
Suppose p + 232*q - 90 = 230*q, 0 = 5*p + 3*q - 478. Calculate the greatest common divisor of 26 and p.
2
Let p = -273 - -280. Suppose 5*g - 3*l - 1268 = 0, -5*l - p + 27 = 0. Calculate the greatest common factor of g and 32.
32
Let r be (2 + (-2 - -1))*3. Let n(p) = -p**3 + 7*p**2 + 11*p + 69. Let f be n(9). Calculate the highest common factor of r and f.
3
Let i = -7 + 1. Let g be i/(-4)*5890/57. Suppose -154*r = -g*r + 45. Calculate the greatest common divisor of 18 and r.
9
Let z(m) = -4*m**3 - 4*m**2 - m - 9. Let r be z(-4). Let b = 223 - r. What is the highest common factor of b and 324?
36
Let l be (-11 - 1055/(-95))/1 - 26140/(-38). Calculate the greatest common divisor of 624 and l.
16
Suppose -3*s = -4*l - 2712, 50*s = 48*s - 4*l + 1808. Calculate the highest common factor of 8 and s.
8
Let h = 1141 - 1045. Calculate the greatest common factor of 3360 and h.
96
Let b be 2 - (10/2)/5. Let u be 32/24 + ((-116)/(-12) - -2). What is the highest common divisor of u and b?
1
Let s be (-201144)/(-85) - (-8)/5. What is the highest common factor of s and 192?
64
Suppose -153*p = -157*p + 80. Let n be (-6)/(-2) + 2 + 0. Suppose 2*z - 64 = 2*k, -n*z = k + p - 180. What is the highest common factor of 8 and z?
8
Let l be 644*9/(-16)*8/(-6). Let p = -443 + l. Suppose b + 3*d + 1 = 0, 3*d - 6 = -4*b + 8. Calculate the highest common factor of b and p.
5
Suppose 33*m - 1263 - 1154 - 1048 = 0. What is the highest common factor of m and 5?
5
Let b = -3822 - -3838. Suppose 5*o + 1385 = 5*h, 2*h - 444 - 95 = -o. What is the highest common factor of h and b?
16
Let x(n) = 29*n - 8. Let y be x(4). Let p(z) = -z**3 + 6*z**2 + 2*z - 8. Let l be p(2). Calculate the highest common divisor of y and l.
12
Let b(u) = -127*u**3 + 5*u**2 + 49*u + 89. Let p be b(-8). Calculate the greatest common divisor of p and 337.
337
Suppose -5*a + 117 = 3*s - 0*a, -3*a - 97 = -2*s. Let z = 329 - 66. Suppose 4*c - 703 = -z. What is the greatest common factor of s and c?
22
Suppose 27*j = 541 - 482 + 1480. What is the highest common factor of j and 1957?
19
Let i(w) = w - 10. Let h(f) = -f - 1. Let c(a) = -2*h(a) - i(a). Let p be c(-2). Calculate the greatest common divisor of p and 15.
5
Suppose 0 = -5*g - 697 + 722. Suppose -g*v = -3*v + 10, -y + 31 = -3*v. What is the greatest common divisor of y and 72?
8
Let z = 2209 - 2181. What is the greatest common factor of 3997 and z?
7
Let w be (-2)/((11/(-429))/(1/6)). Let g = w - 12. What is the highest common divisor of 95 and g?
1
Suppose -3*z = 2*w - 10, 7*w - 5*w - 3*z + 2 = 0. Suppose -5*b + 16 = w*l, 5*l + 20 = 7*l + 3*b. What is the highest common factor of l and 4?
1
Let x = -194 + 70. Let t = 169 + x. Calculate the highest common factor of 45 and t.
45
Let l be 2/(-5) + 204/10. Let f be (6 - 128/24)/((-6)/(-117)). Suppose -8*q = -f*q + 50. What is the greatest common factor of l and q?
10
Let u(w) = 1 - 489*w - 5 + 503*w. Let f be u(-2). Let g = 47 + f. Calculate the greatest common factor of 105 and g.
15
Suppose 0*n = 2*u - 4*n, -4*n = 4 - 40. What is the highest common factor of 12186 and u?
18
Let k be ((-24)/28)/(1/7). Let i = k + 42. Let r(j) = 61*j + 3141. Let b be r(-45). What is the highest common divisor of b and i?
36
Let h be 50*((-1017)/(-9) + 6). What is the highest common divisor of h and 10?
10
Let t(j) = -6*j**2 + 14*j - 2. Let u be t(2). Suppose 4*s - 1052 = s - u*r, -3*s = -3*r - 1077. Calculate the highest co